- 10 - (-11 + -14).
8
What is -41 - (4 + 24 + -199 + -4)?
134
Calculate 0 + -6 + -8 + (176 - 223).
-61
Evaluate (-1 - 18) + (-41 - (53 - 103)) - 80.
-90
Evaluate 72 + 2 + 0 + (-1 - 30) + 6 + 12.
61
Evaluate (-6 - 0 - (92 + -103)) + 6 - (1 + -13).
23
What is the value of 4 - -18 - (1 - 3) - (7 + -8 + 5)?
20
What is the value of 0 - 15 - (10 - (-5 + 71))?
41
Evaluate (-9 - -1) + 2 + 211 + -217 + (-34 - -31).
-15
What is the value of -13 + (1 - -19 - (31 + 37))?
-61
What is the value of -108 + 135 + (-36 - 1)?
-10
Calculate -577 + 592 + -4 + (-3 - -10) + -62.
-44
Evaluate (-16 - -6 - -19) + (-7 + 36 - 8).
30
Calculate -22 + 6 + 12 + 24 - 12.
8
Calculate -47 + -8 + 1 + 0 + (-74 - -172) + -91.
-47
Evaluate 13 - ((-85 - -43) + (1 - 2)) - 13.
43
Calculate 51 + 2 - (385 + -388).
56
What is 2 + -12 + (11 - ((2 - 12) + 23))?
-12
What is the value of 49 + 21 + 27 - 152?
-55
61 + 3 - (13 + (-15 - (-2 + 4 + -7)))
61
-4 - (-23 + (-28 - -12) + 3)
32
Calculate -32 - ((-19 - 72) + 38).
21
0 + (-4 - -1) + (19 - 14) + (-132 - -113)
-17
Calculate 1 - (-25 + 3) - (-4 - (-14 - 1)).
12
What is 1 - (31 - -55 - 48)?
-37
What is -34 + 10 + 8 + -38 + 34?
-20
Evaluate (7672 - 7557) + (-64 - -1).
52
Calculate -43 - (30 - 21) - (2 + -12 + 2 + -2).
-42
What is 2 - (-1 - -62) - (229 + 155 + -396)?
-47
Calculate (7 - 5) + 8 - (-7 + 10 + -3 + 11).
-1
Evaluate (1156 - 1009) + 11 + -46.
112
What is the value of -82 + (-129 - -123 - (0 - 1) - -8)?
-79
Evaluate 83 - ((66 - 59) + 58).
18
6046 - 6024 - (87 + 1)
-66
What is -58 + 41 - (-89 + (-35 - -19))?
88
What is the value of -5 + -8 + (-12 + -1 - -12) + -7?
-21
-19 - (14 - 8) - (1305 - 1305)
-25
What is the value of (0 - -46) + 1 + 6 + (-45 - -47)?
55
Calculate 5 - ((11 - 13) + -1 + 10) - 23.
-25
Evaluate (20 - 13 - -8) + -2 + -9.
4
What is the value of -59 - ((28 - 25) + -36)?
-26
Evaluate -3 + -95 - (-11 - (4 + -24 + 19)).
-88
Evaluate 97 - 211 - -56 - (-20 - -1).
-39
-15 + -1 + (-5 + 146 - 19 - 9)
97
(28 - 42) + -26 + 15
-25
What is (1 - 15) + -6 + 120 + -43?
57
What is (18 - -3 - 4) + -7 + -61 + -3?
-54
What is the value of -21 - (-34 + (-4 + 16 - 48))?
49
What is the value of (-380 - -381) + 5 + 54?
60
Evaluate (0 - 69) + 52 + -74 + 35.
-56
What is ((-2 - -24) + -42 - (1 - 10)) + 14?
3
Calculate -35 + (-25 - (60 + -62)).
-58
Evaluate 11 - ((39 + -47 - (3 - 0)) + 0).
22
What is the value of (-7 - -1) + -53 + (46 - 6)?
-19
What is 1 + -6 - (3 + -4) - (7505 + -7546)?
37
What is 24 + -6 - (-4 - (-19 + 11))?
14
Evaluate 1011 + -1088 - ((-3 - (-3 + 3)) + -6).
-68
Evaluate (0 - 5) + -10 + 13 + 6 + -11 + 43.
36
-1 + 1 - 35 - (186 + (157 - 338))
-40
What is 20 + 8 + -31 - (0 - -1) - (77 - 24)?
-57
What is the value of 83 + -85 + -44 - -80?
34
What is -13 - ((-17 - 7) + 23 - -15)?
-27
What is (-8 - 29) + -21 + 14 + 0?
-44
Calculate (1 - 13) + 2 + (5 - (186 + -125)).
-66
What is 0 + -5 - ((-24 - (-7 - -10 - 33)) + 71)?
-82
What is the value of 25 + 9 - (50 + -52) - 68?
-32
Evaluate -34 + 0 + 61 + 211 + -239.
-1
What is the value of -31 - -36 - ((-2 - -7) + (0 - -52))?
-52
Calculate 55 + (-79 - (17 - 73)).
32
What is -171 + 145 + (1 - 3 - (-6 - 2))?
-20
What is 21 + (7 - (41 + 7) - 2)?
-22
Calculate 190 - (-30 - (76 + -187)).
109
Calculate -28 + 52 - 41 - -38.
21
Calculate -66 - (-42 - 138) - 4.
110
Evaluate 62 + 2 + -9 - (-108 + 136).
27
Calculate 17 - 5 - (-25 - -19 - (1 - 21)).
-2
Calculate 9 + (50 - -25) + 12.
96
Evaluate 47 - (-33 + 30 + 11 - 16).
55
4 - (-45 + 144 + -99 - (8 - (4 + -2)))
10
(-20 - -1) + (15 + -61 - (-11 + 1))
-55
103 + -155 + (30 - 1) + -7 + 1
-29
Evaluate 0 - -10 - (-25 - ((17 - 36) + -1)).
15
What is the value of 39 + -7 - (90 - (137 - 66))?
13
Calculate 70 + -35 + 22 - (66 + -37).
28
Calculate -69 - -19 - -52 - 20.
-18
(-11 + 1 - (-53 - 11)) + 25 + -10 + -8
61
What is -17 + -27 - (-9 - (10 + -5))?
-30
Evaluate -3 - 8 - (26 + -45).
8
What is the value of -109 + 104 - (-11 - (-1 - (4 - (1 + 0))))?
2
Calculate -18 - (47 + (2 - -5 - 21)).
-51
What is the value of (18 - (3 - 3)) + (837 - 858)?
-3
(2 - 1 - ((-76 - -58) + 38)) + 1 + -2
-20
(-64 - (-19 - 55)) + 0 + -2 + -1
7
What is -4756 + 4743 + (58 - -4) + (7 - 2)?
54
(-3041 - -3054) + 82 + 4
99
Calculate (-1 - -20) + (31 + -47 - (15 - 19)).
7
What is 7 + -1 - 4 - (2 - (-9 + -4 + 7))?
-6
What is the value of -8 - (-1 + -3 - (15 - -91) - (-84 - -93))?
111
What is -136 - 243 - -371 - (-151 + (1 - 1) - -2)?
141
Calculate (-144 - -128) + (4 - 1) + -8.
-21
What is (5 - (22 + 13)) + 20?
-10
Evaluate -48 - 6 - (-25 + 26 + -15).
-40
Evaluate -33 - ((-9 - -8) + (-4 - 10)).
-18
0 - (-2 - 79) - 41
40
Calculate (-29 - 1) + 21 + -51 + 12 + 15.
-33
What is (-8 - -1 - -5) + (28 - (41 + -11)) - -14?
10
Calculate (11 - 7 - 17) + (2 - -2) + -1.
-10
What is 33 + (-33 - (24 + -50)) + (-7 - 1)?
18
What is the value of 1 - -64 - (-364 - -349) - (-9 - -12)?
77
Evaluate (-2 + -1 + -14 - 1) + (5155 - 5106).
31
What is 59 + (92 - 18 - (-11 - -51))?
93
What is the value of 0 + 3 - ((-74 - -199) + -72)?
-50
What is the value of 627 - 671 - (10 + -61)?
7
Calculate 5 + 33 + -30 + -74.
-66
What is -7 - ((5 + -26 - -20) + -47)?
41
What is -2 - (-46 + (2 - -1) + 18)?
23
What is (3 - 2) + 97 + -2 + 1 + (-2048 - -2051)?
100
Calculate 8 - (-10 + -30 + 5 + 5 + (-6 - 1)).
45
Evaluate -67 - (14 - (2 + -6 + 4) - 3 - 12).
-66
What is (-187 - -192) + 69 + 3 + 1 + -3?
75
What is -40 - (-16 + (1 - 12))?
-13
What is (-45 - (56 - 150)) + 2?
51
What is 0 + 1 + (-70 - (-86 + 21))?
-4
What is the value of -13 - ((9 - -6) + (13 - -12))?
-53
Calculate -4 + -3 + 15 + (-15 - 50) + -16.
-73
-77 - (-72 - (15 - 91))
-81
What is 19 + -8 - 18 - (61 - 25 - -36)?
-79
What is 93 + -21 + -49 + 16?
39
Calculate 1 + 7 - ((-35 - -66) + -23 - (-15 + 27)).
12
Calculate (7 - 1 - 2) + -116 + -50 + 95.
-67
What is the value of -4 - (10 + -12) - (-65 + (70 - 38))?
31
What is -21 + -6 + 15 + 12 + -7 + 3 + -48?
-52
What is 13429 + -13369 + (1 + -3 - -32)?
90
What is the value of 79 - (-10 + (21 + -12 - 3) - -21)?
62
2 + 10 + -3 + -91 - (1 - 7)
-76
Evaluate 7 + -25 + -22 - 14.
-54
What is the value of 7 - (-17 - -31 - -6) - (1 - 5)?
-9
Evaluate 47 + 1 - -1 - ((-17 - 4) + 9 + 17).
44
(13 - 20 - 13 - (-27 - -42)) + 7
-28
-11 + 22 - 22 - -21 - -36
46
13 + -67 + 30 - (12 + -6 + 4)
-34
What is 25 - ((-2 + 0 + -4 - 4) + 5 + 9)?
21
Evaluate -4192 + 4205 + (-38 - 1 - -1).
-25
(-5 - (14 - 10)) + (-3 - -2) + 3 + 55
48
Evaluate -1 + 19 + -2 + (-9 - (8 - (-25 + -3))).
-29
Calculate (17 - -4) + (-306 - -283).
-2
Calculate 11 + (-482 + 460 - (2 + -1 + -3)).
-9
What is 100 + (-106 - (-1 - 61))?
56
(-3 + (1 - 2) - -4) + -33 + (7 - -10)
-16
Calculate -46 - (-62 - -28) - (2 - 1 - 4).
-9
What is the value of (-12 - -4) + 0 + 2 + (39 - 56)?
-23
2 + (0 - 8) - (27 - (19 + -21) - -8)
-43
What is the value of -4 + -3 + 49 + -19 + -10 + (-2 - 137)?
-126
(-13 - (-51 - (-50 + 19))) + (4 - 1) + -92
-82
Evaluate (-5 - -9) + (48 - 52 - (37 + -1)).
-36
What is the value of 6 + 18 + -52 - -35?
7
What is -2 + 9 + -11 + 29 + -23 + 4?
6
-19 - (1 + -3) - (-120 + 47 + 123)
-67
-32 + (33 - 1) - (-14 + 13 + (22 - 1))
-20
Evaluate (-24 + -4 + 17 - (4 - 7)) + (-7 - 1).
-16
-9 + 5 + 10 + 4 - (-207 + 132)
85
(118 - (-17 + 112)) + (1 - 19)
5
What is the value of -24 - 3 - (-16 - (2 - (15 - 5)) - -1)?
-20
Evaluate 0 + 10 + 101 + -128 - -11 - (-66 + -48).
108
What is -76 + 6 - ((23 - 15) + (-5 - -8) - 8)?
-73
10 - (-1 + 9 + (-118 + 122 - (-4 + -1)))
-7
(14 - -4) + 31 + -33 - 19
-3
Evaluate -3 - 57 - (-265 + 212).
-7
What is -39 + (-25 - -124) + -30 + -9?
21
Calculate (-52 + 6 - (189 - 229)) + -87.
-93
Evaluate (87 - (42 - -16)) + 24.
53
Calculate -12 + (4 - (-11 - -18)) + 24 - (-3 - -49).
-37
Calculate -69 - (12 - (10 - (-6 - (9 + 1)))).
-55
Calculate 0 + -1 - (12 - (72 - 57)).
2
What is -75 - (61 + -127) - 3?
-12
What is 9 - (6 - (-2 + 20 + -18))?
3
-106 - -3 - -111 - (-36 - (-4 - -2))
42
Calculate 4 - ((-114 - -108) + -107).
117
Calculate 21 + ((-151 - -10) + 34 - (-2 - -2)).
-86
9 + (-8 - 0) + -2 + 5 + 8 + -7
5
What is -44 + 70 - 64 - 34 - 4?
-76
What is 10 - (115 - 0 - (77 - (170 - 111)))?
-87
-21 + -2 + (26 - 41)
-38
Evaluate -10 - (4 + -10) - (-7 + (0 - -12)).
-9
What is -64 - -1 - (2099 - 2100) - -24?
-38
Evaluate -23 - (-16 - (13 + -35) - -16).
-45
Calculate 20 - (127 + 